{"id":38,"date":"2019-09-20T11:36:44","date_gmt":"2019-09-20T14:36:44","guid":{"rendered":"http:\/\/pinguinospuntanorte.com.ar\/dev\/?page_id=38"},"modified":"2019-10-11T17:06:44","modified_gmt":"2019-10-11T20:06:44","slug":"actividades","status":"publish","type":"page","link":"https:\/\/pinguinospuntanorte.com.ar\/dev\/actividades\/","title":{"rendered":"Actividades"},"content":{"rendered":"\n<h1 style=\"text-align:center\">La Ping\u00fcinera<\/h1>\n\n\n\n<p style=\"text-align:center\"><strong>La colonia de ping\u00fcinos de Magallanes de la Estancia San Lorenzo<\/strong> ha mostrado un constante crecimiento desde su establecimiento hace casi 50 a\u00f1os. Este crecimiento supera el 20% anual promedio desde 1995. Pose\u00eda 93 parejas en 1977 y casi 210.000 parejas en el \u00faltimo censo de 2017, distribuidas en una superficie que supera las 220 hect\u00e1reas.<br><strong>Esto la convierte en la colonia de mayor tama\u00f1o del mundo<\/strong> para esta especie: aproximadamente 600.000 ping\u00fcinos en el pico de la temporada.<\/p>\n\n\n\n<p style=\"text-align:center\">Los ping\u00fcinos llegan todos los a\u00f1os durante los primeros d\u00edas de septiembre y abandonan la reserva hacia finales de abril.<\/p>\n\n\n\n<hr class=\"wp-block-separator\"\/>\n\n\n\n<p style=\"text-align:center; max-width: 760px; margin: auto auto 16px;\"><strong>San Lorenzo cuenta con diferentes circuitos tur\u00edsticos dise\u00f1ados especialmente para satisfacer a distintos tipos de p\u00fablico y experiencias que deseen vivenciar.<\/strong><\/p>\n\n\n\n<figure class=\"wp-block-image alignwide padding-bottom\"><img loading=\"lazy\" width=\"1024\" height=\"877\" src=\"http:\/\/pinguinospuntanorte.com.ar\/dev\/wp-content\/uploads\/2019\/09\/mapa_senderos-1024x877.jpg\" alt=\"\" class=\"wp-image-177\" srcset=\"https:\/\/pinguinospuntanorte.com.ar\/dev\/wp-content\/uploads\/2019\/09\/mapa_senderos-1024x877.jpg 1024w, https:\/\/pinguinospuntanorte.com.ar\/dev\/wp-content\/uploads\/2019\/09\/mapa_senderos-300x257.jpg 300w, https:\/\/pinguinospuntanorte.com.ar\/dev\/wp-content\/uploads\/2019\/09\/mapa_senderos-768x658.jpg 768w, https:\/\/pinguinospuntanorte.com.ar\/dev\/wp-content\/uploads\/2019\/09\/mapa_senderos.jpg 1200w\" sizes=\"(max-width: 1024px) 100vw, 1024px\" \/><\/figure>\n\n\n\n<div class=\"alignfull\"><div id=\"metaslider-id-128\" style=\"width: 100%; margin: 0 auto;\" class=\"ml-slider-3-19-1 metaslider metaslider-flex metaslider-128 ml-slider nav-hidden\">\n    <div id=\"metaslider_container_128\">\n        <div id=\"metaslider_128\">\n            <ul aria-live=\"polite\" class=\"slides\">\n                <li style=\"display: block; width: 100%;\" class=\"slide-221 ms-image\"><img src=\"https:\/\/pinguinospuntanorte.com.ar\/dev\/wp-content\/uploads\/2019\/10\/slide1actividades-0x0.jpg\" height=\"0\" width=\"0\" alt=\"\" class=\"slider-128 slide-221\" title=\"slide1actividades\" \/><\/li>\n                <li style=\"display: none; width: 100%;\" class=\"slide-301 ms-image\"><img src=\"https:\/\/pinguinospuntanorte.com.ar\/dev\/wp-content\/uploads\/2019\/10\/slide2actividades-0x0.jpg\" height=\"0\" width=\"0\" alt=\"\" class=\"slider-128 slide-301\" title=\"slide2actividades\" \/><\/li>\n                <li style=\"display: none; width: 100%;\" class=\"slide-223 ms-image\"><img src=\"https:\/\/pinguinospuntanorte.com.ar\/dev\/wp-content\/uploads\/2019\/10\/slide3actividades-0x0.jpg\" height=\"0\" width=\"0\" alt=\"\" class=\"slider-128 slide-223\" title=\"slide3actividades\" \/><\/li>\n                <li style=\"display: none; width: 100%;\" class=\"slide-224 ms-image\"><img src=\"https:\/\/pinguinospuntanorte.com.ar\/dev\/wp-content\/uploads\/2019\/10\/slide4actividades-0x0.jpg\" height=\"0\" width=\"0\" alt=\"\" class=\"slider-128 slide-224\" title=\"slide4actividades\" \/><\/li>\n                <li style=\"display: none; width: 100%;\" class=\"slide-225 ms-image\"><img src=\"https:\/\/pinguinospuntanorte.com.ar\/dev\/wp-content\/uploads\/2019\/10\/slide5actividades-0x0.jpg\" height=\"0\" width=\"0\" alt=\"\" class=\"slider-128 slide-225\" title=\"slide5actividades\" \/><\/li>\n            <\/ul>\n        <\/div>\n        \n    <\/div>\n<\/div><\/div>\n\n\n\n<div class=\"wp-block-columns has-2-columns columns-4-8\">\n<div class=\"wp-block-column\">\n<h2 style=\"text-align:right\" class=\"heading-secondary\">1. Experiencia ping\u00fcinos<\/h2>\n<\/div>\n\n\n\n<div class=\"wp-block-column\">\n<p>El sendero recorre un sector de nidificaci\u00f3n y permanente tr\u00e1nsito de ping\u00fcinos. En su parte media presenta un frente costero desde el que se observa la inmensidad del Golfo san Mat\u00edas y la playa que utilizan los ping\u00fcinos para entrar y salir del agua, tambi\u00e9n para descansar. Al final del recorrido se encuentran las ruinas de la antigua factor\u00eda de acetite de lobos marinos.<\/p>\n<\/div>\n<\/div>\n\n\n\n<hr class=\"wp-block-separator alt-1\"\/>\n\n\n\n<div class=\"wp-block-columns has-2-columns columns-8-4\">\n<div class=\"wp-block-column\">\n<p style=\"text-align:right\">El circuito comienza en una duna. Tras una peque\u00f1a cuesta nos encontramos con Ostras Gigantes de 20 millones de a\u00f1os de antig\u00fcedad. Atravesamos el Bajo de los Esqueletos en el que podremos observar osamentas de diferentes mam\u00edferos terrestres y comprender, a trav\u00e9s de ellos, c\u00f3mo se relacionan con el ambiente.<\/p>\n\n\n\n<p style=\"text-align:right\">A pocos metros ingresamos a la Zona Arqueol\u00f3gica, donde hallaremos rastros de antiguos pobladores que ocuparon ese lugar hace m\u00e1s de dos mil a\u00f1os.<br> Continuamos transitando por la duna, donde comienzan a aparecer los primeros ping\u00fcinos bajo los arbustos o caminando por la arena. Dejando atr\u00e1s la arena, ingresamos por un corredor por el que caminamos rodeados de ping\u00fcinos para as\u00ed llegar a las Ruinas Hist\u00f3ricas de la antigua factor\u00eda de aceite de lobos marinos. A partir de este punto podremos continuamos por el sendero Experiencia Ping\u00fcinos. Este circuito se realiza en compa\u00f1\u00eda de un Guardaparque.<\/p>\n<\/div>\n\n\n\n<div class=\"wp-block-column\">\n<h2 class=\"heading-secondary\">2. Ping\u00fcinos y m\u00e1s<\/h2>\n<\/div>\n<\/div>\n\n\n\n<hr class=\"wp-block-separator alt-2\"\/>\n\n\n\n<div class=\"wp-block-columns has-2-columns columns-4-8\">\n<div class=\"wp-block-column\">\n<h2 style=\"text-align:right\" class=\"heading-secondary\">3. Aventura ping\u00fcinos<\/h2>\n<\/div>\n\n\n\n<div class=\"wp-block-column\">\n<p>Luego de recorrer sendero Experiencia Ping\u00fcinos ingresamos caminando por una huella solo utilizada por investigadores y Guardaparques, para acceder al sector de \u201cLa Colmena\u201d, denominado as\u00ed por la gran densidad de nidos que se concentran en este lugar.<br>La cantidad de ping\u00fcinos que se observan en este circuito es muy superior a la del sendero Experiencia Ping\u00fcinos.<br>Este circuito se realiza en compa\u00f1\u00eda de un Guardaparque y con grupos reducidos.<\/p>\n<\/div>\n<\/div>\n\n\n\n<hr class=\"wp-block-separator alt-3\"\/>\n\n\n\n<div class=\"wp-block-columns has-2-columns columns-8-4\">\n<div class=\"wp-block-column\">\n<p style=\"text-align:right\">Este recorrido es un mini trekking por la zona de mayor concentraci\u00f3n de animales, sector s\u00f3lo utilizado por Investigadores y Guardaparques y al que se accede en grupos reducidos y en compa\u00f1\u00eda de alg\u00fan Guardaparque de la Estancia San Lorenzo.<\/p>\n\n\n\n<p style=\"text-align:right\">Se visita el sector de \u201cLa Colmena\u201d, denominado as\u00ed por la gran densidad de nidos que se re\u00fanen en este lugar y el Ca\u00f1ad\u00f3n Ping\u00fcinera, paso obligado de ping\u00fcinos que deben atravesarlo para acceder a distintos sectores de nidificaci\u00f3n.<br>Uno de los sectores de mayor belleza es la zona de acantilados, que tambi\u00e9n han sido ocupados por los ping\u00fcinos para hacer sus nidos.<br>Durante el regreso transitamos por la zona alta de la costa para regresar al punto de inicio.<\/p>\n<\/div>\n\n\n\n<div class=\"wp-block-column\">\n<h2 style=\"text-align:left\" class=\"heading-secondary\">4. Tierra de ping\u00fcinos<\/h2>\n<\/div>\n<\/div>\n\n\n\n<hr class=\"wp-block-separator alt-4\"\/>\n\n\n\n<div class=\"wp-block-columns has-2-columns columns-4-8\">\n<div class=\"wp-block-column\">\n<h2 style=\"text-align:right\" class=\"heading-secondary\">5. Ca\u00f1ad\u00f3n de los f\u00f3siles<\/h2>\n<\/div>\n\n\n\n<div class=\"wp-block-column\">\n<p>Hace 20 millones de a\u00f1os se produjo una igresi\u00f3n marina que cubri\u00f3 una extensa porci\u00f3n de la Patagonia y el continente sudamericano. En este mar c\u00e1lido vivieron vertebrados ballenas, tiburones y t\u00edpicas especies de arrecifes que hoy podemos encontrar en este sendero.<br>Es un circuito de baja dificultad que consta de 12 estaciones en las que se observan animales fosilizados que vivieron en ese antiguo mar.<br>Dependiendo del comportamiento diario de los elefantes marinos, algunos d\u00edas se los puede ver sobre la playa.<\/p>\n<\/div>\n<\/div>\n\n\n\n<hr class=\"wp-block-separator alt-2\"\/>\n\n\n\n<div class=\"wp-block-columns has-2-columns columns-8-4\">\n<div class=\"wp-block-column\">\n<p style=\"text-align:right\">Este sendero se inicia en el casco de la estancia y en \u00e9l se pueden encontrar diferentes ejemplares de la flora y fauna terrestre t\u00edpica de Pen\u00ednsula Vald\u00e9s, tales como lechuzas y maras.<\/p>\n<\/div>\n\n\n\n<div class=\"wp-block-column\">\n<h2 style=\"text-align:left\" class=\"heading-secondary\">6. Flora y fauna<\/h2>\n<\/div>\n<\/div>\n\n\n\n<hr class=\"wp-block-separator alt-3\"\/>\n\n\n\n<div class=\"wp-block-columns has-2-columns columns-4-8\">\n<div class=\"wp-block-column\">\n<h2 style=\"text-align:right\" class=\"heading-secondary\">7. Trekking piquillines<\/h2>\n<\/div>\n\n\n\n<div class=\"wp-block-column\">\n<p>Es el circuito ideal para los amantes de esta modalidad de excursi\u00f3n y el m\u00e1s completo en cuanto a la observaci\u00f3n de flora, fauna, f\u00f3siles, sitios arqueol\u00f3gicos, ruinas hist\u00f3ricas y ping\u00fcinera.<br>Es imprescindible estar en buena condici\u00f3n f\u00edsica, llevar calzado c\u00f3modo, lentes de sol y agua.<br>El recorrido se realiza en compa\u00f1\u00eda de un Guardaparque.<br>El \u00faltimo tramo del sendero se realiza por un amplio sector de ping\u00fcinera hasta culminar con el sendero Experiencia Ping\u00fcinos.<\/p>\n<\/div>\n<\/div>\n\n\n\n<hr class=\"wp-block-separator alt-1\"\/>\n\n\n\n<div class=\"wp-block-columns alignfull has-2-columns columns-8-4\">\n<div class=\"wp-block-column\">\n<figure class=\"wp-block-image\"><img loading=\"lazy\" width=\"842\" height=\"547\" src=\"http:\/\/pinguinospuntanorte.com.ar\/dev\/wp-content\/uploads\/2019\/09\/atardecer.jpg\" alt=\"Atardecer en Punta Norte\" class=\"wp-image-59\" srcset=\"https:\/\/pinguinospuntanorte.com.ar\/dev\/wp-content\/uploads\/2019\/09\/atardecer.jpg 842w, https:\/\/pinguinospuntanorte.com.ar\/dev\/wp-content\/uploads\/2019\/09\/atardecer-300x195.jpg 300w, https:\/\/pinguinospuntanorte.com.ar\/dev\/wp-content\/uploads\/2019\/09\/atardecer-768x499.jpg 768w\" sizes=\"(max-width: 842px) 100vw, 842px\" \/><\/figure>\n<\/div>\n\n\n\n<div class=\"wp-block-column\">\n<h2 style=\"text-align:left\" class=\"heading-secondary\">San Lorenzo sunset<\/h2>\n\n\n\n<p class=\"padding-left\">Durante el d\u00eda, las colonias de Ping\u00fcinos de Magallanes tienen dos momentos de m\u00e1xima actividad y concentraci\u00f3n: el amanecer y el atardecer.<\/p>\n\n\n\n<p class=\"padding-left\">Estancia San Lorenzo te ofrece la oportunidad de visitar nuestros senderos \u201cPing\u00fcinos y m\u00e1s\u2026\u201d y \u201cExperiencia Ping\u00fcinos\u201d durante el atardecer y recorrer la colonia acompa\u00f1ado de nuestros Guardaparques, en un excelente horario para la fotograf\u00eda y con la mayor concentraci\u00f3n de ping\u00fcinos que podr\u00e1s encontrar.<\/p>\n<\/div>\n<\/div>\n\n\n\n<figure class=\"wp-block-embed-youtube alignfull wp-block-embed is-type-video is-provider-youtube wp-embed-aspect-16-9 wp-has-aspect-ratio\"><div class=\"wp-block-embed__wrapper\">\n<iframe title=\"ARGENTINA VISION - Estancia San Lorenzo\" width=\"500\" height=\"281\" src=\"https:\/\/www.youtube.com\/embed\/hNKoe82IHCQ?feature=oembed\" frameborder=\"0\" allow=\"accelerometer; autoplay; encrypted-media; gyroscope; picture-in-picture\" allowfullscreen><\/iframe>\n<\/div><\/figure>\n","protected":false},"excerpt":{"rendered":"<p>La Ping\u00fcinera La colonia de ping\u00fcinos de Magallanes de la Estancia San Lorenzo ha mostrado un constante crecimiento desde su establecimiento hace casi 50 a\u00f1os. Este crecimiento supera el 20% anual promedio desde 1995. Pose\u00eda 93 parejas en 1977 y casi 210.000 parejas en el \u00faltimo censo de 2017, distribuidas en una superficie que supera [&hellip;]<\/p>\n","protected":false},"author":1,"featured_media":45,"parent":0,"menu_order":0,"comment_status":"closed","ping_status":"closed","template":"","meta":[],"_links":{"self":[{"href":"https:\/\/pinguinospuntanorte.com.ar\/dev\/wp-json\/wp\/v2\/pages\/38"}],"collection":[{"href":"https:\/\/pinguinospuntanorte.com.ar\/dev\/wp-json\/wp\/v2\/pages"}],"about":[{"href":"https:\/\/pinguinospuntanorte.com.ar\/dev\/wp-json\/wp\/v2\/types\/page"}],"author":[{"embeddable":true,"href":"https:\/\/pinguinospuntanorte.com.ar\/dev\/wp-json\/wp\/v2\/users\/1"}],"replies":[{"embeddable":true,"href":"https:\/\/pinguinospuntanorte.com.ar\/dev\/wp-json\/wp\/v2\/comments?post=38"}],"version-history":[{"count":33,"href":"https:\/\/pinguinospuntanorte.com.ar\/dev\/wp-json\/wp\/v2\/pages\/38\/revisions"}],"predecessor-version":[{"id":236,"href":"https:\/\/pinguinospuntanorte.com.ar\/dev\/wp-json\/wp\/v2\/pages\/38\/revisions\/236"}],"wp:featuredmedia":[{"embeddable":true,"href":"https:\/\/pinguinospuntanorte.com.ar\/dev\/wp-json\/wp\/v2\/media\/45"}],"wp:attachment":[{"href":"https:\/\/pinguinospuntanorte.com.ar\/dev\/wp-json\/wp\/v2\/media?parent=38"}],"curies":[{"name":"wp","href":"https:\/\/api.w.org\/{rel}","templated":true}]}}