{"id":338,"date":"2021-01-14T17:31:12","date_gmt":"2021-01-14T20:31:12","guid":{"rendered":"http:\/\/pinguinospuntanorte.com.ar\/dev\/?page_id=338"},"modified":"2021-01-14T18:17:38","modified_gmt":"2021-01-14T21:17:38","slug":"alojamiento","status":"publish","type":"page","link":"https:\/\/pinguinospuntanorte.com.ar\/dev\/alojamiento\/","title":{"rendered":"Alojamiento"},"content":{"rendered":"\n<h1 class=\"has-text-align-center\">\u00a1Te esperamos!<\/h1>\n\n\n\n<p class=\"has-text-align-center\">Ahora pod\u00e9s hospedarte en la Estancia San Lorenzo y disfrutar de la nueva propuesta que pensamos para vos: Tres d\u00edas de inmersi\u00f3n en un ambiente \u00fanico: espacios inmensos, fauna conmovedora y aire puro en el marco de la vida en una t\u00edpica estancia de la Patagonia.<\/p>\n\n\n\n<hr class=\"wp-block-separator aligncenter\"\/>\n\n\n\n<div class=\"alignnormal\"><div id=\"metaslider-id-348\" style=\"width: 100%; margin: 0 auto;\" class=\"ml-slider-3-19-1 metaslider metaslider-flex metaslider-348 ml-slider nav-hidden\">\n    <div id=\"metaslider_container_348\">\n        <div id=\"metaslider_348\">\n            <ul aria-live=\"polite\" class=\"slides\">\n                <li style=\"display: block; width: 100%;\" class=\"slide-357 ms-image\"><img src=\"https:\/\/pinguinospuntanorte.com.ar\/dev\/wp-content\/uploads\/2021\/01\/slideAloja03-0x0.jpg\" height=\"0\" width=\"0\" alt=\"\" class=\"slider-348 slide-357\" title=\"slideAloja03\" \/><\/li>\n                <li style=\"display: none; width: 100%;\" class=\"slide-356 ms-image\"><img src=\"https:\/\/pinguinospuntanorte.com.ar\/dev\/wp-content\/uploads\/2021\/01\/slideAloja02-0x0.jpg\" height=\"0\" width=\"0\" alt=\"\" class=\"slider-348 slide-356\" title=\"slideAloja02\" \/><\/li>\n                <li style=\"display: none; width: 100%;\" class=\"slide-355 ms-image\"><img src=\"https:\/\/pinguinospuntanorte.com.ar\/dev\/wp-content\/uploads\/2021\/01\/slideAloja01-0x0.jpg\" height=\"0\" width=\"0\" alt=\"\" class=\"slider-348 slide-355\" title=\"slideAloja01\" \/><\/li>\n                <li style=\"display: none; width: 100%;\" class=\"slide-358 ms-image\"><img src=\"https:\/\/pinguinospuntanorte.com.ar\/dev\/wp-content\/uploads\/2021\/01\/slideAloja04-0x0.jpg\" height=\"0\" width=\"0\" alt=\"\" class=\"slider-348 slide-358\" title=\"slideAloja04\" \/><\/li>\n                <li style=\"display: none; width: 100%;\" class=\"slide-359 ms-image\"><img src=\"https:\/\/pinguinospuntanorte.com.ar\/dev\/wp-content\/uploads\/2021\/01\/slideAloja05-0x0.jpg\" height=\"0\" width=\"0\" alt=\"\" class=\"slider-348 slide-359\" title=\"slideAloja05\" \/><\/li>\n            <\/ul>\n        <\/div>\n        \n    <\/div>\n<\/div><\/div>\n\n\n\n<h2 class=\"has-text-align-center heading-secondary no-deco padding-top\">2 noches, 3 d\u00edas<\/h2>\n\n\n\n<hr class=\"wp-block-separator aligncenter\"\/>\n\n\n\n<div class=\"wp-block-columns\">\n<div class=\"wp-block-column\">\n<p style=\"font-size:20px\"><strong>D\u00eda 01: Encuentro con ping\u00fcinos<\/strong><\/p>\n\n\n\n<p><strong>Llegada a la estancia<\/strong> (check in entre las 15 y las 17 hs) Tiempo de acomodarse, dejar el ritmo de ciudad y conocer al equipo de San Lorenzo.<\/p>\n\n\n\n<p><strong>Merienda criolla<\/strong> <br>Unos ricos mates con tortas fritas (cada hu\u00e9sped debe llevar su equipo de mate. En la estancia se brinda agua, yerba mate y endulzantes a gusto).<\/p>\n\n\n\n<p><strong>Primera visita a la Ping\u00fcinera<\/strong> <br>Los an\ufb01triones de la estancia los llevaran hasta el sendero de caminata en el coraz\u00f3n mismo de la Ping\u00fcinera.<\/p>\n\n\n\n<p>Durante las horas m\u00e1s frescas de la tarde, recorrer\u00e1n a su propio ritmo caminos con flora aut\u00f3ctona, fauna de mar y desierto en donde los verdaderos protagonistas son los ping\u00fcinos de Magallanes y sus adorables cr\u00edas.<\/p>\n<\/div>\n\n\n\n<div class=\"wp-block-column\">\n<p><strong>Cena<\/strong> <br>Como es com\u00fan en toda estancia, la hora de la cena es el<br>momento de reunirse alrededor del fuego y disfrutar.<br>Luego, nuestras habitaciones reci\u00e9n remodeladas los<br>esperan para una noche de sue\u00f1o reparador gracias al<br>silencio y frescura del entorno.<\/p>\n\n\n\n<p style=\"font-size:20px\"><strong>D\u00eda 02: Caminos so\u00f1ados: ping\u00fcinos, fauna de mar y desierto<\/strong><\/p>\n\n\n\n<p><strong>Comienza el d\u00eda<br><\/strong>Desayuno y salida rumbo a una segunda visita a la Ping\u00fcinera, para disfrutarla con los primeros rayos de sol. Pero esta vez la propuesta es in\u00e9dita: recorrer\u00e1n un camino exclusivo (que no suele estar incluido en las visitas) con acceso a los sectores exclusivos donde los investigadores y cient\u00edficos realizan sus estudios en esta<br>incre\u00edble poblaci\u00f3n de ping\u00fcinos.<\/p>\n<\/div>\n<\/div>\n\n\n\n<figure class=\"wp-block-image alignfull size-large\"><img loading=\"lazy\" width=\"1024\" height=\"455\" src=\"http:\/\/pinguinospuntanorte.com.ar\/dev\/wp-content\/uploads\/2021\/01\/cabecera_alojamiento-1024x455.jpg\" alt=\"\" class=\"wp-image-341\" srcset=\"https:\/\/pinguinospuntanorte.com.ar\/dev\/wp-content\/uploads\/2021\/01\/cabecera_alojamiento-1024x455.jpg 1024w, https:\/\/pinguinospuntanorte.com.ar\/dev\/wp-content\/uploads\/2021\/01\/cabecera_alojamiento-300x133.jpg 300w, https:\/\/pinguinospuntanorte.com.ar\/dev\/wp-content\/uploads\/2021\/01\/cabecera_alojamiento-768x341.jpg 768w, https:\/\/pinguinospuntanorte.com.ar\/dev\/wp-content\/uploads\/2021\/01\/cabecera_alojamiento-1536x683.jpg 1536w, https:\/\/pinguinospuntanorte.com.ar\/dev\/wp-content\/uploads\/2021\/01\/cabecera_alojamiento.jpg 2000w\" sizes=\"(max-width: 1024px) 100vw, 1024px\" \/><\/figure>\n\n\n\n<div class=\"wp-block-columns columns-margin-top\">\n<div class=\"wp-block-column\">\n<p><strong>Almuerzo t\u00edpico<br><\/strong>Regreso a la estancia en donde los estar\u00e1 esperando un almuerzo aut\u00f3ctono, casero y sin prisa: cordero patag\u00f3nico al asador.<\/p>\n\n\n\n<p><strong>La hora de la siesta<br><\/strong>Ninguna experiencia de la vida en el campo est\u00e1 completa sin una siesta reparadora despu\u00e9s del almuerzo.<\/p>\n\n\n\n<p><strong>Cuando baja el sol:<br><\/strong>Har\u00e1n una caminata por el ca\u00f1ad\u00f3n de los f\u00f3siles cerca del mar, en donde tambi\u00e9n se puede disfrutar de la compa\u00f1\u00eda de la m\u00e1s pintoresca fauna patag\u00f3nica<\/p>\n<\/div>\n\n\n\n<div class=\"wp-block-column\">\n<p>(\u00a1incluso hay d\u00edas que los elefantes marinos se unen al tour por la playa!).<br>Unos mates con tortas fritas y Pasta Frola casera ser\u00e1n ideales para disfrutar del atardecer en la costa.<\/p>\n\n\n\n<p>Un d\u00eda tan maravilloso solo puede terminar de la mejor manera: relax en la comodidad de la estancia, con una rica cena y la luz del fog\u00f3n.<\/p>\n\n\n\n<p style=\"font-size:20px\"><strong>D\u00eda 03: Despedida<\/strong><\/p>\n\n\n\n<p>Comienza el d\u00eda con el \u00faltimo desayuno, disfrutando de la paz del paisaje. Luego de una c\u00e1lida despedida, emprender\u00e1n el retorno a la ciudad\u2019.<\/p>\n<\/div>\n<\/div>\n\n\n\n<p style=\"font-size:20px\"><strong>Descarg\u00e1 el programa completo<br>con precios y condiciones, o contactanos <a href=\"#\">aqu\u00ed<\/a>.<\/strong><\/p>\n\n\n\n<div class=\"wp-block-buttons margin-bottom\">\n<div class=\"wp-block-button btn-green\"><a class=\"wp-block-button__link\">Descargar en PDF<\/a><\/div>\n<\/div>\n\n\n\n<figure class=\"wp-block-image alignfull size-large\"><img loading=\"lazy\" width=\"1024\" height=\"584\" src=\"http:\/\/pinguinospuntanorte.com.ar\/dev\/wp-content\/uploads\/2021\/01\/alojamiento02-1024x584.jpg\" alt=\"\" class=\"wp-image-340\" srcset=\"https:\/\/pinguinospuntanorte.com.ar\/dev\/wp-content\/uploads\/2021\/01\/alojamiento02-1024x584.jpg 1024w, https:\/\/pinguinospuntanorte.com.ar\/dev\/wp-content\/uploads\/2021\/01\/alojamiento02-300x171.jpg 300w, https:\/\/pinguinospuntanorte.com.ar\/dev\/wp-content\/uploads\/2021\/01\/alojamiento02-768x438.jpg 768w, https:\/\/pinguinospuntanorte.com.ar\/dev\/wp-content\/uploads\/2021\/01\/alojamiento02-1536x876.jpg 1536w, https:\/\/pinguinospuntanorte.com.ar\/dev\/wp-content\/uploads\/2021\/01\/alojamiento02.jpg 2000w\" sizes=\"(max-width: 1024px) 100vw, 1024px\" \/><\/figure>\n","protected":false},"excerpt":{"rendered":"<p>\u00a1Te esperamos! Ahora pod\u00e9s hospedarte en la Estancia San Lorenzo y disfrutar de la nueva propuesta que pensamos para vos: Tres d\u00edas de inmersi\u00f3n en un ambiente \u00fanico: espacios inmensos, fauna conmovedora y aire puro en el marco de la vida en una t\u00edpica estancia de la Patagonia. 2 noches, 3 d\u00edas D\u00eda 01: Encuentro [&hellip;]<\/p>\n","protected":false},"author":1,"featured_media":339,"parent":0,"menu_order":0,"comment_status":"closed","ping_status":"closed","template":"","meta":[],"_links":{"self":[{"href":"https:\/\/pinguinospuntanorte.com.ar\/dev\/wp-json\/wp\/v2\/pages\/338"}],"collection":[{"href":"https:\/\/pinguinospuntanorte.com.ar\/dev\/wp-json\/wp\/v2\/pages"}],"about":[{"href":"https:\/\/pinguinospuntanorte.com.ar\/dev\/wp-json\/wp\/v2\/types\/page"}],"author":[{"embeddable":true,"href":"https:\/\/pinguinospuntanorte.com.ar\/dev\/wp-json\/wp\/v2\/users\/1"}],"replies":[{"embeddable":true,"href":"https:\/\/pinguinospuntanorte.com.ar\/dev\/wp-json\/wp\/v2\/comments?post=338"}],"version-history":[{"count":3,"href":"https:\/\/pinguinospuntanorte.com.ar\/dev\/wp-json\/wp\/v2\/pages\/338\/revisions"}],"predecessor-version":[{"id":364,"href":"https:\/\/pinguinospuntanorte.com.ar\/dev\/wp-json\/wp\/v2\/pages\/338\/revisions\/364"}],"wp:featuredmedia":[{"embeddable":true,"href":"https:\/\/pinguinospuntanorte.com.ar\/dev\/wp-json\/wp\/v2\/media\/339"}],"wp:attachment":[{"href":"https:\/\/pinguinospuntanorte.com.ar\/dev\/wp-json\/wp\/v2\/media?parent=338"}],"curies":[{"name":"wp","href":"https:\/\/api.w.org\/{rel}","templated":true}]}}