{"id":283,"date":"2019-10-23T15:35:45","date_gmt":"2019-10-23T18:35:45","guid":{"rendered":"http:\/\/pinguinospuntanorte.com.ar\/dev\/?page_id=283"},"modified":"2019-10-23T15:35:47","modified_gmt":"2019-10-23T18:35:47","slug":"la-estancia","status":"publish","type":"page","link":"https:\/\/pinguinospuntanorte.com.ar\/dev\/la-estancia\/","title":{"rendered":"La Estancia"},"content":{"rendered":"\n<h1 style=\"text-align:center\">La Estancia<\/h1>\n\n\n\n<p style=\"text-align:center\">La Estancia San Lorenzo se dedica tambi\u00e9n a la producci\u00f3n de lana merino australiana. A fines del mes de septiembre, los visitantes pueden observar las distintas actividades vinculadas con la explotaci\u00f3n ganadera, entre ellos, la se\u00f1alada, la esquila y el encierre de la hacienda efectuada con perros ovejeros.<\/p>\n\n\n\n<p style=\"text-align:center\"><strong>Actualmente el galp\u00f3n de esquila sirve como comedor, centro de interpretaci\u00f3n y boutique.<\/strong><\/p>\n\n\n\n<p style=\"text-align:center\">Pero hay otros atractivos adicionales para los visitantes: los f\u00f3siles marinos que afloran en los acantilados y los ca\u00f1adones que desaguan al mar. Muchos de estos f\u00f3siles se pueden encontrar en el \u201cCa\u00f1ad\u00f3n de F\u00f3siles\u201d.<br>Dado que en la Estancia tambi\u00e9n se explot\u00f3 la lober\u00eda, entre 1917 y 1953, los visitantes pueden conocer la vieja factor\u00eda de lobos marinos.<\/p>\n\n\n\n<hr class=\"wp-block-separator\"\/>\n\n\n\n<figure class=\"wp-block-image alignwide\"><img loading=\"lazy\" width=\"1200\" height=\"803\" src=\"http:\/\/pinguinospuntanorte.com.ar\/dev\/wp-content\/uploads\/2019\/09\/familia_machinea.jpg\" alt=\"\" class=\"wp-image-182\" srcset=\"https:\/\/pinguinospuntanorte.com.ar\/dev\/wp-content\/uploads\/2019\/09\/familia_machinea.jpg 1200w, https:\/\/pinguinospuntanorte.com.ar\/dev\/wp-content\/uploads\/2019\/09\/familia_machinea-300x201.jpg 300w, https:\/\/pinguinospuntanorte.com.ar\/dev\/wp-content\/uploads\/2019\/09\/familia_machinea-768x514.jpg 768w, https:\/\/pinguinospuntanorte.com.ar\/dev\/wp-content\/uploads\/2019\/09\/familia_machinea-1024x685.jpg 1024w\" sizes=\"(max-width: 1200px) 100vw, 1200px\" \/><\/figure>\n\n\n\n<h2 style=\"text-align:center\" class=\"heading-secondary no-deco padding-top\">Nuestra Historia<\/h2>\n\n\n\n<p style=\"text-align:center\">\u201cSomos herederos de una familia pionera que lleg\u00f3 a la regi\u00f3n a comienzos del siglo pasado. Tenemos el convencimiento de que el mejor y m\u00e1s perdurable homenaje a nuestros padres y abuelos -que demostraron con su trabajo su compromiso con la Pen\u00ednsula Vald\u00e9s- es trabajar con responsabilidad de modo de proteger el lugar para transmitirlo a las futuras generaciones tal como lo recibimos. Es por ello que tenemos como eje central de nuestra acci\u00f3n la sostenibilidad ambiental\u201d.<\/p>\n\n\n\n<h2 style=\"text-align:center\">Familia Machinea<\/h2>\n\n\n\n<hr class=\"wp-block-separator\"\/>\n\n\n\n<figure class=\"wp-block-image alignwide\"><img loading=\"lazy\" width=\"1500\" height=\"641\" src=\"http:\/\/pinguinospuntanorte.com.ar\/dev\/wp-content\/uploads\/2019\/09\/estancia.jpg\" alt=\"\" class=\"wp-image-154\" srcset=\"https:\/\/pinguinospuntanorte.com.ar\/dev\/wp-content\/uploads\/2019\/09\/estancia.jpg 1500w, https:\/\/pinguinospuntanorte.com.ar\/dev\/wp-content\/uploads\/2019\/09\/estancia-300x128.jpg 300w, https:\/\/pinguinospuntanorte.com.ar\/dev\/wp-content\/uploads\/2019\/09\/estancia-768x328.jpg 768w, https:\/\/pinguinospuntanorte.com.ar\/dev\/wp-content\/uploads\/2019\/09\/estancia-1024x438.jpg 1024w\" sizes=\"(max-width: 1500px) 100vw, 1500px\" \/><\/figure>\n\n\n\n<p style=\"text-align:center\">La Estancia San Lorenzo pertenece a la familia Machinea, una familia de origen vasco. El abuelo Lorenzo (1879-1964) lleg\u00f3 a la Pen\u00ednsula Vald\u00e9s en el a\u00f1o 1900, con un arreo de ganado.<\/p>\n\n\n\n<p style=\"text-align:center\">En un remate de tierras fiscales el 11 de marzo de 1907 adquieri\u00f3 las tierras que despu\u00e9s se transformar\u00edan en la actual estancia. En su segundo viaje a la Argentina, conoci\u00f3 en el barco a Justina Betelu (1890-1972); despu\u00e9s de un breve noviazgo se casaron en 1909 en Puerto Pir\u00e1mides. Tuvieron 8 hijos.<\/p>\n\n\n\n<p style=\"text-align:center\">Los actuales propietarios de la estancia son descendientes de Lorenzo y Justina.<\/p>\n\n\n\n<div class=\"alignfull\"><div id=\"metaslider-id-130\" style=\"width: 100%; margin: 0 auto;\" class=\"ml-slider-3-19-1 metaslider metaslider-flex metaslider-130 ml-slider nav-hidden\">\n    <div id=\"metaslider_container_130\">\n        <div id=\"metaslider_130\">\n            <ul aria-live=\"polite\" class=\"slides\">\n                <li style=\"display: block; width: 100%;\" class=\"slide-248 ms-image\"><img src=\"https:\/\/pinguinospuntanorte.com.ar\/dev\/wp-content\/uploads\/2019\/10\/slide1estancia-0x0.jpg\" height=\"0\" width=\"0\" alt=\"\" class=\"slider-130 slide-248\" title=\"slide1estancia\" \/><\/li>\n                <li style=\"display: none; width: 100%;\" class=\"slide-249 ms-image\"><img src=\"https:\/\/pinguinospuntanorte.com.ar\/dev\/wp-content\/uploads\/2019\/10\/slide2estancia-0x0.jpg\" height=\"0\" width=\"0\" alt=\"\" class=\"slider-130 slide-249\" title=\"slide2estancia\" \/><\/li>\n                <li style=\"display: none; width: 100%;\" class=\"slide-250 ms-image\"><img src=\"https:\/\/pinguinospuntanorte.com.ar\/dev\/wp-content\/uploads\/2019\/10\/slide3estancia-0x0.jpg\" height=\"0\" width=\"0\" alt=\"\" class=\"slider-130 slide-250\" title=\"slide3estancia\" \/><\/li>\n                <li style=\"display: none; width: 100%;\" class=\"slide-251 ms-image\"><img src=\"https:\/\/pinguinospuntanorte.com.ar\/dev\/wp-content\/uploads\/2019\/10\/slide4estancia-0x0.jpg\" height=\"0\" width=\"0\" alt=\"\" class=\"slider-130 slide-251\" title=\"slide4estancia\" \/><\/li>\n            <\/ul>\n        <\/div>\n        \n    <\/div>\n<\/div><\/div>\n\n\n\n<div class=\"wp-block-columns has-2-columns columns-4-8\">\n<div class=\"wp-block-column\">\n<figure class=\"wp-block-image padding-bottom\"><img loading=\"lazy\" width=\"600\" height=\"680\" src=\"http:\/\/pinguinospuntanorte.com.ar\/dev\/wp-content\/uploads\/2019\/09\/reloj.jpg\" alt=\"\" class=\"wp-image-148\" srcset=\"https:\/\/pinguinospuntanorte.com.ar\/dev\/wp-content\/uploads\/2019\/09\/reloj.jpg 600w, https:\/\/pinguinospuntanorte.com.ar\/dev\/wp-content\/uploads\/2019\/09\/reloj-265x300.jpg 265w\" sizes=\"(max-width: 600px) 100vw, 600px\" \/><\/figure>\n<\/div>\n\n\n\n<div class=\"wp-block-column\">\n<h2 class=\"heading-secondary right\">Patrimonio Integral<\/h2>\n\n\n\n<p>La costa de la Estancia presenta sectores de amplias playas y sectores con acantilados. La erosi\u00f3n y el paso del tiempo han expuesto en los acantilados y ca\u00f1adones, antiguos <strong>arrecifes ya fosilizados<\/strong> que fueron testigos de un mar c\u00e1lido que cubri\u00f3 la regi\u00f3n hace 20 millones de a\u00f1os.<\/p>\n\n\n\n<p>Incluso antes de que llegaran los nativos <strong>Tehuelches<\/strong>, las dunas fueron habitadas por hombres y mujeres que vivieron all\u00ed hace m\u00e1s de 2.000 a\u00f1os. Su existencia y modos de vida pueden interpretarse a trav\u00e9s restos de animales y objetos de piedra que pertenecieron a esta cultura.<\/p>\n\n\n\n<p>M\u00e1s cerca del presente, entre 1917 y 1953, en la playa funcion\u00f3 una <strong>factor\u00eda de aceite de lobos marinos<\/strong>, cuyas ruinas hoy pueden visitarse y forman parte del patrimonio hist\u00f3rico de Pen\u00ednsula Vald\u00e9s.<\/p>\n\n\n\n<p><strong>Adem\u00e1s de los ping\u00fcinos, en la estancia se pueden observar elefantes marinos, guanacos, choiques, lechuzas, maras y una gran diversidad de aves. Eventualmente tambi\u00e9n pueden verse orcas y ballenas.<\/strong><\/p>\n<\/div>\n<\/div>\n\n\n\n<figure class=\"wp-block-image alignfull\"><img loading=\"lazy\" width=\"1024\" height=\"767\" src=\"http:\/\/pinguinospuntanorte.com.ar\/dev\/wp-content\/uploads\/2019\/10\/estancia-1024x767.jpg\" alt=\"\" class=\"wp-image-243\" srcset=\"https:\/\/pinguinospuntanorte.com.ar\/dev\/wp-content\/uploads\/2019\/10\/estancia-1024x767.jpg 1024w, https:\/\/pinguinospuntanorte.com.ar\/dev\/wp-content\/uploads\/2019\/10\/estancia-300x225.jpg 300w, https:\/\/pinguinospuntanorte.com.ar\/dev\/wp-content\/uploads\/2019\/10\/estancia-768x576.jpg 768w, https:\/\/pinguinospuntanorte.com.ar\/dev\/wp-content\/uploads\/2019\/10\/estancia.jpg 1920w\" sizes=\"(max-width: 1024px) 100vw, 1024px\" \/><\/figure>\n","protected":false},"excerpt":{"rendered":"<p>La Estancia La Estancia San Lorenzo se dedica tambi\u00e9n a la producci\u00f3n de lana merino australiana. A fines del mes de septiembre, los visitantes pueden observar las distintas actividades vinculadas con la explotaci\u00f3n ganadera, entre ellos, la se\u00f1alada, la esquila y el encierre de la hacienda efectuada con perros ovejeros. Actualmente el galp\u00f3n de esquila [&hellip;]<\/p>\n","protected":false},"author":1,"featured_media":254,"parent":0,"menu_order":0,"comment_status":"closed","ping_status":"closed","template":"","meta":[],"_links":{"self":[{"href":"https:\/\/pinguinospuntanorte.com.ar\/dev\/wp-json\/wp\/v2\/pages\/283"}],"collection":[{"href":"https:\/\/pinguinospuntanorte.com.ar\/dev\/wp-json\/wp\/v2\/pages"}],"about":[{"href":"https:\/\/pinguinospuntanorte.com.ar\/dev\/wp-json\/wp\/v2\/types\/page"}],"author":[{"embeddable":true,"href":"https:\/\/pinguinospuntanorte.com.ar\/dev\/wp-json\/wp\/v2\/users\/1"}],"replies":[{"embeddable":true,"href":"https:\/\/pinguinospuntanorte.com.ar\/dev\/wp-json\/wp\/v2\/comments?post=283"}],"version-history":[{"count":1,"href":"https:\/\/pinguinospuntanorte.com.ar\/dev\/wp-json\/wp\/v2\/pages\/283\/revisions"}],"predecessor-version":[{"id":290,"href":"https:\/\/pinguinospuntanorte.com.ar\/dev\/wp-json\/wp\/v2\/pages\/283\/revisions\/290"}],"wp:featuredmedia":[{"embeddable":true,"href":"https:\/\/pinguinospuntanorte.com.ar\/dev\/wp-json\/wp\/v2\/media\/254"}],"wp:attachment":[{"href":"https:\/\/pinguinospuntanorte.com.ar\/dev\/wp-json\/wp\/v2\/media?parent=283"}],"curies":[{"name":"wp","href":"https:\/\/api.w.org\/{rel}","templated":true}]}}