{"id":159,"date":"2019-09-26T11:50:26","date_gmt":"2019-09-26T14:50:26","guid":{"rendered":"http:\/\/pinguinospuntanorte.com.ar\/dev\/?page_id=159"},"modified":"2024-08-19T14:47:45","modified_gmt":"2024-08-19T17:47:45","slug":"restaurante","status":"publish","type":"page","link":"https:\/\/pinguinospuntanorte.com.ar\/dev\/restaurante\/","title":{"rendered":"Restaurante"},"content":{"rendered":"\n<h1 class=\"has-text-align-center\">El Restaurante<\/h1>\n\n\n\n<p class=\"has-text-align-center\">El restaurante funciona dentro del propio galp\u00f3n de esquila. Una vez al a\u00f1o, durante tres d\u00edas, el restaurante vuelve a convertirse en el lugar donde se esquilan las ovejas.<\/p>\n\n\n\n<p class=\"has-text-align-center\">Los grandes ventanales ofrecen una hermosa vista a los corrales de ovejas y caballos, el tanque australiano y el molino.<\/p>\n\n\n\n<hr class=\"wp-block-separator\"\/>\n\n\n\n<h2 class=\"has-text-align-center\">Nuestras especialidades<\/h2>\n\n\n\n<p class=\"has-text-align-center\"><strong>La especialidad es el Cordero Patag\u00f3nico al Asador<\/strong>. El cordero que se sirve en nuestro restaurante es criado en la misma estancia de manera org\u00e1nica, con pasturas naturales y agua de molino. Es decir que no se emplea ning\u00fan alimento externo a la reserva natural para su cr\u00eda.<\/p>\n\n\n\n<p class=\"has-text-align-center\">Adem\u00e1s del cordero, tambi\u00e9n se ofrecen otras opciones culinarias, incluso un men\u00fa vegetariano.<\/p>\n\n\n\n<div class=\"alignfull\"><div id=\"metaslider-id-184\" style=\"width: 100%; margin: 0 auto;\" class=\"ml-slider-3-19-1 metaslider metaslider-flex metaslider-184 ml-slider nav-hidden\">\n    <div id=\"metaslider_container_184\">\n        <div id=\"metaslider_184\">\n            <ul aria-live=\"polite\" class=\"slides\">\n                <li style=\"display: block; width: 100%;\" class=\"slide-237 ms-image\"><img src=\"https:\/\/pinguinospuntanorte.com.ar\/dev\/wp-content\/uploads\/2019\/10\/slide1restaurante-0x0.jpg\" height=\"0\" width=\"0\" alt=\"\" class=\"slider-184 slide-237\" title=\"slide1restaurante\" \/><\/li>\n                <li style=\"display: none; width: 100%;\" class=\"slide-238 ms-image\"><img src=\"https:\/\/pinguinospuntanorte.com.ar\/dev\/wp-content\/uploads\/2019\/10\/slide2restaurante-0x0.jpg\" height=\"0\" width=\"0\" alt=\"\" class=\"slider-184 slide-238\" title=\"slide2restaurante\" \/><\/li>\n                <li style=\"display: none; width: 100%;\" class=\"slide-239 ms-image\"><img src=\"https:\/\/pinguinospuntanorte.com.ar\/dev\/wp-content\/uploads\/2019\/10\/slide3restaurante-0x0.jpg\" height=\"0\" width=\"0\" alt=\"\" class=\"slider-184 slide-239\" title=\"slide3restaurante\" \/><\/li>\n                <li style=\"display: none; width: 100%;\" class=\"slide-240 ms-image\"><img src=\"https:\/\/pinguinospuntanorte.com.ar\/dev\/wp-content\/uploads\/2019\/10\/slide4restaurante-0x0.jpg\" height=\"0\" width=\"0\" alt=\"\" class=\"slider-184 slide-240\" title=\"slide4restaurante\" \/><\/li>\n                <li style=\"display: none; width: 100%;\" class=\"slide-241 ms-image\"><img src=\"https:\/\/pinguinospuntanorte.com.ar\/dev\/wp-content\/uploads\/2019\/10\/slide5restaurante-0x0.jpg\" height=\"0\" width=\"0\" alt=\"\" class=\"slider-184 slide-241\" title=\"slide5restaurante\" \/><\/li>\n            <\/ul>\n        <\/div>\n        \n    <\/div>\n<\/div><\/div>\n\n\n\n<div class=\"wp-block-columns has-2-columns columns-4-8 boutique\">\n<div class=\"wp-block-column\">\n<figure class=\"wp-block-image\"><img loading=\"lazy\" width=\"600\" height=\"289\" src=\"http:\/\/pinguinospuntanorte.com.ar\/dev\/wp-content\/uploads\/2019\/09\/racimo.jpg\" alt=\"\" class=\"wp-image-162\" srcset=\"https:\/\/pinguinospuntanorte.com.ar\/dev\/wp-content\/uploads\/2019\/09\/racimo.jpg 600w, https:\/\/pinguinospuntanorte.com.ar\/dev\/wp-content\/uploads\/2019\/09\/racimo-300x145.jpg 300w\" sizes=\"(max-width: 600px) 100vw, 600px\" \/><\/figure>\n<\/div>\n\n\n\n<div class=\"wp-block-column\">\n<h2 class=\"heading-secondary right\" id=\"boutique\">La Boutique<\/h2>\n\n\n\n<p>En nuestro Shop, los visitantes pueden adquirir distintos productos relacionados con la Reserva Natural, tales como libros sobre ping\u00fcinos, indumentaria, suvenires y el tradicional cuero de oveja curtido con sello de calidad que certifica su origen.<\/p>\n<\/div>\n<\/div>\n","protected":false},"excerpt":{"rendered":"<p>El Restaurante El restaurante funciona dentro del propio galp\u00f3n de esquila. Una vez al a\u00f1o, durante tres d\u00edas, el restaurante vuelve a convertirse en el lugar donde se esquilan las ovejas. Los grandes ventanales ofrecen una hermosa vista a los corrales de ovejas y caballos, el tanque australiano y el molino. Nuestras especialidades La especialidad [&hellip;]<\/p>\n","protected":false},"author":1,"featured_media":228,"parent":0,"menu_order":0,"comment_status":"closed","ping_status":"closed","template":"","meta":[],"_links":{"self":[{"href":"https:\/\/pinguinospuntanorte.com.ar\/dev\/wp-json\/wp\/v2\/pages\/159"}],"collection":[{"href":"https:\/\/pinguinospuntanorte.com.ar\/dev\/wp-json\/wp\/v2\/pages"}],"about":[{"href":"https:\/\/pinguinospuntanorte.com.ar\/dev\/wp-json\/wp\/v2\/types\/page"}],"author":[{"embeddable":true,"href":"https:\/\/pinguinospuntanorte.com.ar\/dev\/wp-json\/wp\/v2\/users\/1"}],"replies":[{"embeddable":true,"href":"https:\/\/pinguinospuntanorte.com.ar\/dev\/wp-json\/wp\/v2\/comments?post=159"}],"version-history":[{"count":8,"href":"https:\/\/pinguinospuntanorte.com.ar\/dev\/wp-json\/wp\/v2\/pages\/159\/revisions"}],"predecessor-version":[{"id":383,"href":"https:\/\/pinguinospuntanorte.com.ar\/dev\/wp-json\/wp\/v2\/pages\/159\/revisions\/383"}],"wp:featuredmedia":[{"embeddable":true,"href":"https:\/\/pinguinospuntanorte.com.ar\/dev\/wp-json\/wp\/v2\/media\/228"}],"wp:attachment":[{"href":"https:\/\/pinguinospuntanorte.com.ar\/dev\/wp-json\/wp\/v2\/media?parent=159"}],"curies":[{"name":"wp","href":"https:\/\/api.w.org\/{rel}","templated":true}]}}