{"id":100,"date":"2019-09-24T11:23:14","date_gmt":"2019-09-24T14:23:14","guid":{"rendered":"http:\/\/pinguinospuntanorte.com.ar\/dev\/?page_id=100"},"modified":"2019-09-26T16:30:21","modified_gmt":"2019-09-26T19:30:21","slug":"conservacion","status":"publish","type":"page","link":"https:\/\/pinguinospuntanorte.com.ar\/dev\/conservacion\/","title":{"rendered":"Conservaci\u00f3n"},"content":{"rendered":"\n<h1 style=\"text-align:center\">Reserva Natural<\/h1>\n\n\n\n<p style=\"text-align:center\">La <strong>Reserva Natural Estancia San Lorenzo<\/strong> cuenta con un equipo de Guardaparques profesionales que son los responsables de proteger el patrimonio natural y cultural del sitio. Los visitantes pueden interactuar con ellos y conocer las \u00faltimas novedades sobre los ping\u00fcinos.<\/p>\n\n\n\n<p style=\"text-align:center\">Desde hace 40 a\u00f1os hemos alentado el desarrollo de la investigaci\u00f3n cient\u00edfica acerca de los ping\u00fcinos, incluyendo a investigadores, tanto nacionales como extranjeros<\/p>\n\n\n\n<hr class=\"wp-block-separator\"\/>\n\n\n\n<h2 style=\"text-align:center\">Investigaci\u00f3n<\/h2>\n\n\n\n<p style=\"text-align:center\">Desde hace 40 a\u00f1os la Reserva Natural Estancia San Lorenzo es el sitio elegido por investigadores del <strong>Consejo Nacional de Investigaciones Cient\u00edficas y T\u00e9cnicas de Argentina (CONICET)<\/strong> y de distintas instituciones cient\u00edficas del mundo.<\/p>\n\n\n\n<div class=\"alignfull\"><div id=\"metaslider-id-129\" style=\"width: 100%; margin: 0 auto;\" class=\"ml-slider-3-19-1 metaslider metaslider-flex metaslider-129 ml-slider nav-hidden\">\n    <div id=\"metaslider_container_129\">\n        <div id=\"metaslider_129\">\n            <ul aria-live=\"polite\" class=\"slides\">\n                <li style=\"display: block; width: 100%;\" class=\"slide-134 ms-image\"><img src=\"https:\/\/pinguinospuntanorte.com.ar\/dev\/wp-content\/uploads\/2019\/09\/slide1conservacion-0x0.jpg\" height=\"0\" width=\"0\" alt=\"\" class=\"slider-129 slide-134\" title=\"slide1conservacion\" \/><\/li>\n                <li style=\"display: none; width: 100%;\" class=\"slide-135 ms-image\"><img src=\"https:\/\/pinguinospuntanorte.com.ar\/dev\/wp-content\/uploads\/2019\/09\/slide2conservacion-0x0.jpg\" height=\"0\" width=\"0\" alt=\"\" class=\"slider-129 slide-135\" title=\"slide2conservacion\" \/><\/li>\n                <li style=\"display: none; width: 100%;\" class=\"slide-136 ms-image\"><img src=\"https:\/\/pinguinospuntanorte.com.ar\/dev\/wp-content\/uploads\/2019\/09\/slide3conservacion-0x0.jpg\" height=\"0\" width=\"0\" alt=\"\" class=\"slider-129 slide-136\" title=\"slide3conservacion\" \/><\/li>\n            <\/ul>\n        <\/div>\n        \n    <\/div>\n<\/div><\/div>\n\n\n\n<div class=\"wp-block-columns has-2-columns columns-4-8 first-end padding-bottom\">\n<div class=\"wp-block-column\">\n<div class=\"wp-block-image\"><figure class=\"aligncenter\"><img loading=\"lazy\" width=\"500\" height=\"452\" src=\"http:\/\/pinguinospuntanorte.com.ar\/dev\/wp-content\/uploads\/2019\/09\/dibujo_pinguinos.jpg\" alt=\"\" class=\"wp-image-110\" srcset=\"https:\/\/pinguinospuntanorte.com.ar\/dev\/wp-content\/uploads\/2019\/09\/dibujo_pinguinos.jpg 500w, https:\/\/pinguinospuntanorte.com.ar\/dev\/wp-content\/uploads\/2019\/09\/dibujo_pinguinos-300x271.jpg 300w\" sizes=\"(max-width: 500px) 100vw, 500px\" \/><\/figure><\/div>\n<\/div>\n\n\n\n<div class=\"wp-block-column\">\n<h2 class=\"heading-secondary right\">Datos Curiosos<\/h2>\n\n\n\n<p>Gracias a los investigadores podemos saber que los ping\u00fcinos de San Lorenzo nadan entre 25 y 65 km a un \u00e1rea de alimentaci\u00f3n que se encuentra al noreste de la colonia.<br>Esta \u00e1rea es tan grande como 25 veces la ciudad de Buenos Aires: 5.000 km2.<\/p>\n\n\n\n<p>Los ping\u00fcinos de San Lorenzo nadan menos kil\u00f3metros que los de otras colonias y tambi\u00e9n est\u00e1n menos tiempo en la zona de alimentaci\u00f3n. Esto significa que el alimento se encuentra cerca y es abundante. A esto se debe el crecimiento tan distintivo de esta colonia.<\/p>\n\n\n\n<p>Un solo viaje de alimentaci\u00f3n dura alrededor de 24 hs. Realizan aproximadamente 700 buceos \/ inmersiones por d\u00eda a una profundidad promedio de 22 mts. Pero pueden llegar hasta 120 mts.<\/p>\n\n\n\n<p>En cada buceo est\u00e1n 1 minuto y medio bajo el agua recorriendo distancias de 170 metros. Los ping\u00fcinos de San Lorenzo inician sus viajes de alimentaci\u00f3n en la ma\u00f1ana m\u00e1s temprano que en el resto de las colonias y hacia las 16 hs regresan a sus nidos.<\/p>\n<\/div>\n<\/div>\n","protected":false},"excerpt":{"rendered":"<p>Reserva Natural La Reserva Natural Estancia San Lorenzo cuenta con un equipo de Guardaparques profesionales que son los responsables de proteger el patrimonio natural y cultural del sitio. Los visitantes pueden interactuar con ellos y conocer las \u00faltimas novedades sobre los ping\u00fcinos. Desde hace 40 a\u00f1os hemos alentado el desarrollo de la investigaci\u00f3n cient\u00edfica acerca [&hellip;]<\/p>\n","protected":false},"author":1,"featured_media":101,"parent":0,"menu_order":0,"comment_status":"closed","ping_status":"closed","template":"","meta":[],"_links":{"self":[{"href":"https:\/\/pinguinospuntanorte.com.ar\/dev\/wp-json\/wp\/v2\/pages\/100"}],"collection":[{"href":"https:\/\/pinguinospuntanorte.com.ar\/dev\/wp-json\/wp\/v2\/pages"}],"about":[{"href":"https:\/\/pinguinospuntanorte.com.ar\/dev\/wp-json\/wp\/v2\/types\/page"}],"author":[{"embeddable":true,"href":"https:\/\/pinguinospuntanorte.com.ar\/dev\/wp-json\/wp\/v2\/users\/1"}],"replies":[{"embeddable":true,"href":"https:\/\/pinguinospuntanorte.com.ar\/dev\/wp-json\/wp\/v2\/comments?post=100"}],"version-history":[{"count":14,"href":"https:\/\/pinguinospuntanorte.com.ar\/dev\/wp-json\/wp\/v2\/pages\/100\/revisions"}],"predecessor-version":[{"id":181,"href":"https:\/\/pinguinospuntanorte.com.ar\/dev\/wp-json\/wp\/v2\/pages\/100\/revisions\/181"}],"wp:featuredmedia":[{"embeddable":true,"href":"https:\/\/pinguinospuntanorte.com.ar\/dev\/wp-json\/wp\/v2\/media\/101"}],"wp:attachment":[{"href":"https:\/\/pinguinospuntanorte.com.ar\/dev\/wp-json\/wp\/v2\/media?parent=100"}],"curies":[{"name":"wp","href":"https:\/\/api.w.org\/{rel}","templated":true}]}}